= 4*g + w + 2, 2*g + x*w = 1. Suppose -2*h + 4 = -0*h. What is the remainder when h is divided by g?
0
Let k(t) = -t**2 - 11*t + 7. What is the remainder when 25 is divided by k(-11)?
4
Let i(s) be the third derivative of 5*s**4/24 + s**3/6 - 2*s**2. Let y be i(-2). Let z = 21 + y. Calculate the remainder when 35 is divided by z.
11
What is the remainder when 29 is divided by 8 + -8 + 4 + 1?
4
Let y(x) be the third derivative of -x**4/12 + x**3/2 - x**2. Suppose -2*w = 2, 2*w - 108 = -5*i + 50. Calculate the remainder when i is divided by y(-4).
10
Let k = -1 + 8. What is the remainder when 27 is divided by k?
6
What is the remainder when 11 is divided by 341/55 - (-8)/10?
4
Let s = 108 - 61. What is the remainder when s is divided by 24?
23
Suppose -3*p + 34 = -65. Calculate the remainder when 128 is divided by p.
29
What is the remainder when 38 is divided by (25 - 9) + (-4 + 1)/1?
12
What is the remainder when (-15)/(-6) - 706/(-4) is divided by 9?
8
What is the remainder when (((-8)/(-6))/1)/(50/2775) is divided by 11?
8
What is the remainder when ((-4)/6)/(9/(1539/(-6))) is divided by 8?
3
Let w(s) = 11 + 2*s - 7*s**2 + 0*s**3 - 11*s + s**3. Let g be w(8). What is the remainder when 26 is divided by (1*42)/g + 0?
12
Suppose -55 = -3*n - 5*j - 8, -33 = -2*n - 5*j. What is the remainder when 39 is divided by n?
11
Let y be 8*12/(12/3). Let v = y - 15. Calculate the remainder when 14 is divided by v.
5
Let c(v) = v**2 - 3*v + 4. Let k = 10 - 7. Calculate the remainder when 6 is divided by c(k).
2
Let l(m) = -25*m + 5. Let s(d) = 13*d - 3. Let k(p) = 4*l(p) + 7*s(p). Let f(y) = 2*y + 6. Calculate the remainder when k(-4) is divided by f(6).
17
What is the remainder when 51/2 - (6 - (-77)/(-14)) is divided by 7?
4
Let a = -143 - -164. What is the remainder when 49 is divided by a?
7
Suppose -2*g = -6*g + 172. Let u = -11 - -33. Calculate the remainder when g is divided by u.
21
Suppose 225 = 7*l - 2*l. What is the remainder when l is divided by 16?
13
Suppose -3*d + d = -6. Suppose -g = d*g. Suppose 42 = 4*x - 5*y - 66, g = -3*x + 5*y + 76. What is the remainder when x is divided by 11?
10
Calculate the remainder when 164 is divided by 24/(-36) + 170/3.
52
Suppose 3*h - 6*k = -3*k + 114, 149 = 4*h - k. Calculate the remainder when 99 is divided by h.
25
Suppose -2*q + 4*y - 1 = -y, 0 = -2*q - 3*y + 23. Let p = 4 + 22. What is the remainder when p is divided by q?
5
Let d(v) = -18*v**3 - v**2 - v. What is the remainder when 69 is divided by d(-1)?
15
Let g = -3 - -8. Let m(q) = q**3 - 5*q**2 + 5*q - 7. Let v(k) = -k**2 - 15*k + 17. Calculate the remainder when v(-12) is divided by m(g).
17
Let m be 4/(-14) + (-174)/(-21). Let q = m + -6. Suppose -q*w + 4 + 14 = 0. Calculate the remainder when 17 is divided by w.
8
Let l(f) be the second derivative of -f**3/3 - 5*f**2/2 + 3*f. What is the remainder when 14 is divided by l(-5)?
4
Calculate the remainder when -1*(2 - 59 - 2) is divided by 20.
19
Suppose -35 = -2*x - 7. Suppose -5*w + w = -2*p - 106, p = -3*w + 72. Calculate the remainder when w is divided by x.
11
Suppose 5*o = -2*g + 31, 2*o = -0*g + 5*g + 24. Suppose o*h = -5*w + 2*h + 20, 4*h = 2*w - 8. Calculate the remainder when w is divided by 2.
0
Suppose 4*v + 5*a - 2*a - 169 = 0, 2*v - 2*a - 74 = 0. Calculate the remainder when v is divided by 7.
5
Let f(q) = q**3 - 4*q**2 - 2*q - 1. Let g be (-2)/(-4) - 9/(-2). What is the remainder when 26 is divided by f(g)?
12
Let k = -6 - -9. Suppose k*a - 1138 = -i, a - 5*a = 4*i - 1504. Calculate the remainder when (-2)/(-8) - a/(-12) is divided by 11.
10
Let k = -131 + 218. What is the remainder when k is divided by 30?
27
Suppose 0 = -3*d + d - 26. Let p(a) = a + 24. Let n = 3 - -3. Calculate the remainder when p(d) is divided by n.
5
Suppose 0 = -5*g + 2*g + 108. Let d = g + -23. Calculate the remainder when 2/4 + 75/2 is divided by d.
12
Calculate the remainder when 150 is divided by 1012/(-23)*(-2)/4.
18
Suppose 60 = t + 2*t. Suppose 2*z = -3*p - 0 - 1, 0 = -5*z + p + 40. Calculate the remainder when t is divided by z.
6
Let a = -32 + 61. Let t(c) = -6*c - 160. What is the remainder when a is divided by t(-28)?
5
Calculate the remainder when 65 is divided by (-66)/(-4)*(-12)/(-9).
21
Let q(o) = 17*o - 1. Let p = 9 + -3. Suppose 0 = -4*s + 2*j + 66, -3*j - 14 = 5*s - p*s. Calculate the remainder when q(3) is divided by s.
16
Suppose 2*l - 18 = -s - 4, -s - 18 = -2*l. Suppose -l*c = -6*c - 26. Suppose -3*z = -6*z + 114. Calculate the remainder when z is divided by c.
12
Let p = 0 - 5. Let h(q) = -3*q**2 + 10*q + 25. Let m(w) = 2*w**2 - 7*w - 17. Let l(f) = p*h(f) - 7*m(f). What is the remainder when 41 is divided by l(5)?
13
Let n(y) = -y**3 + 6*y**2 - 9*y + 6. Let b be n(8). Calculate the remainder when (b/6)/((-7)/21) is divided by 25.
22
Suppose -5*m = 4*h - 32, -3*h + 17 = m + 4. Suppose m*z - 13 = 3*z. What is the remainder when 49 is divided by z?
10
Suppose -6 = -2*t - a, 0*a - 3*a + 6 = 2*t. Calculate the remainder when 0/(-2) + 9/t is divided by 3.
0
Let g(t) = -9*t. Let b be g(4). Let s = 12 + -30. Let a = s - b. Calculate the remainder when a is divided by 10.
8
Let w(l) = -l**2 + 18*l - 33. Calculate the remainder when w(15) is divided by 9.
3
Suppose -2*i = 8*i - 1830. What is the remainder when i is divided by 62?
59
Let j(w) be the second derivative of -w**3/6 + 5*w**2 - w. Let f be j(9). Calculate the remainder when 52 is divided by (5 - 2)/(f/6).
16
Suppose 3*g - 47 = 2*s, 0*g + 11 = g + 4*s. Suppose -r + g = -2. Calculate the remainder when 48 is divided by r.
14
Let u(i) = i**2 + 3*i + 2. Suppose 5*h - 15 = -2*d, 4*d + d = 0. Suppose h*m - 8 = 1. Calculate the remainder when m is divided by u(-3).
1
Let o(s) = 4*s**3 + 0*s**2 + 3*s**3 + s**2 + 7*s**3 - s. What is the remainder when 26 is divided by o(1)?
12
Calculate the remainder when 9 is divided by 3*(-3)/(-3) + -5 + 4.
1
Let c(f) = -f**2 - 15*f - 25. What is the remainder when c(-10) is divided by 16?
9
What is the remainder when 36 is divided by (-2)/(-2)*2/(-6)*-39?
10
Let a(r) = r**2 - 5*r + 7. Calculate the remainder when a(6) is divided by 5.
3
Suppose -4*z = 2*w, 5*z - 2*w = -3*w. What is the remainder when (-60)/8*24/(-10) is divided by 0 + 10 + 0 + z?
8
Calculate the remainder when 122 is divided by (-4)/6 - (2 + (-166)/6).
22
Let u(h) = h**3 - 9*h**2 + 7*h + 12. Calculate the remainder when 23 is divided by u(8).
3
Suppose 48 = 3*r - 2*s, r + 2*s = -4*r + 96. Calculate the remainder when 27 is divided by r.
9
Calculate the remainder when 85 - 8/(-12)*-6 is divided by 21.
18
Suppose 5*z + 0*z + 174 = 2*w, 0 = 5*w - 5*z - 435. What is the remainder when w is divided by 18?
15
Let s = 4 - -3. Suppose 5*a + 30 = 3*l, 4*l - s = -4*a + 1. Let p = 17 + a. Calculate the remainder when 25 is divided by p.
11
Suppose -3*q - 4 - 14 = 0. Let c = q + 13. What is the remainder when 19 is divided by c?
5
Let t(q) = -2*q**2 - q + 76. Calculate the remainder when t(0) is divided by 6.
4
Let b(k) = -k**3 + 6*k**2 - 4*k + 2. Calculate the remainder when 34 is divided by b(4).
16
Let p(k) = 12*k**2 + k + 2. Suppose 0 = -3*w + 3, -4*v = -0*v - w + 1. Suppose n + 0*n - 2 = v. Calculate the remainder when p(n) is divided by 18.
16
Let w = -53 - -34. Let a = -12 - w. Calculate the remainder when 13 is divided by a.
6
Let j(z) = -z**2 - 9*z - 7. Suppose -3*h - 2*h + 5*x - 25 = 0, -h - 13 = 3*x. What is the remainder when 11 is divided by j(h)?
4
Let n be 6 - 3*(-2)/(-2). Suppose 0 = -x + n*x - 16. Calculate the remainder when 21 is divided by x.
5
Let c(l) = 27*l**2 + l. Suppose 3*u = -2 + 29. Calculate the remainder when c(-1) is divided by u.
8
Let h be (0 - 6)/((-3)/(-28)). Let c be (-1 - 1) + 2 + 91. Let y = c + h. Calculate the remainder when y is divided by 18.
17
Let g(h) = -h**2 + 6*h - 6. Let z be g(6). Let f be 9/z - (-9)/2. Suppose -f*b + 20 + 13 = 0. What is the remainder when b is divided by 6?
5
Suppose 90 + 27 = 5*y + 2*b, -4*b = 5*y - 119. Calculate the remainder when 62 is divided by y.
16
Suppose 5*q + 5*u - 310 = 0, -q + 2 + 56 = -u. Suppose -3*p = z - 2*p - 25, 0 = -3*z - 5*p + 83. Calculate the remainder when q is divided by z.
18
Let c = -11 + -3. What is the remainder when 6 is divided by c/(-6) + (-2)/6?
0
Su